{"id":10,"date":"2018-10-25T17:20:14","date_gmt":"2018-10-25T15:20:14","guid":{"rendered":"http:\/\/appartdivercity.com\/?page_id=10"},"modified":"2018-10-31T10:15:53","modified_gmt":"2018-10-31T09:15:53","slug":"blog","status":"publish","type":"page","link":"https:\/\/appartdivercity.com\/?page_id=10","title":{"rendered":"Une r\u00e9sidence au c\u0153ur des remparts"},"content":{"rendered":"<h3><strong><img loading=\"lazy\" class=\"size-medium wp-image-327 alignright\" src=\"http:\/\/appartdivercity.com\/wp-content\/uploads\/2018\/10\/Aquarelle-re\u2560\u00fcsidence-Pertuis-300x235.png\" alt=\"\" width=\"300\" height=\"235\" srcset=\"https:\/\/appartdivercity.com\/wp-content\/uploads\/2018\/10\/Aquarelle-re\u2560\u00fcsidence-Pertuis-300x235.png 300w, https:\/\/appartdivercity.com\/wp-content\/uploads\/2018\/10\/Aquarelle-re\u2560\u00fcsidence-Pertuis-768x601.png 768w, https:\/\/appartdivercity.com\/wp-content\/uploads\/2018\/10\/Aquarelle-re\u2560\u00fcsidence-Pertuis-1024x801.png 1024w\" sizes=\"(max-width: 300px) 100vw, 300px\" \/>La r\u00e9sidence Appart\u2019Divercity \u00ab Les Escourts \u00bb<\/strong><\/h3>\n<p>id\u00e9alement situ\u00e9e s\u2019int\u00e8gre parfaitement aux fontaines, placettes, et portes \ufb02euries avoisinantes.<\/p>\n<p>Outre son march\u00e9 typique o\u00f9 se c\u00f4toient les produits du terroir riches en fruits et l\u00e9gumes et autres vins et huiles AOC, on y trouve de nombreux commerces de centre ville accessibles \u00e0 pied.<\/p>\n<h3><strong>La r\u00e9sidence &#8220;Les Escourts&#8221; propose <a href=\"http:\/\/appartdivercity.com\/?page_id=228\">34 logements neufs<\/a> :<a href=\"http:\/\/appartdivercity.com\/wp-content\/uploads\/2018\/10\/PLAN-T2-ET-T3.jpg\" target=\"_blank\" rel=\"noopener\"><img loading=\"lazy\" class=\"wp-image-333 alignleft\" src=\"http:\/\/appartdivercity.com\/wp-content\/uploads\/2018\/10\/PICTO-TYPE-APT-300x105.jpg\" alt=\"\" width=\"357\" height=\"126\" srcset=\"https:\/\/appartdivercity.com\/wp-content\/uploads\/2018\/10\/PICTO-TYPE-APT-300x106.jpg 300w, https:\/\/appartdivercity.com\/wp-content\/uploads\/2018\/10\/PICTO-TYPE-APT.jpg 302w\" sizes=\"(max-width: 357px) 100vw, 357px\" \/><\/a><\/strong><\/h3>\n<ul>\n<li>T1 bis &amp; T2 meubl\u00e9s et \u00e9quip\u00e9s d\u00e9di\u00e9s \u00e0 des \u00e9tudiants ou de jeunes actifs.<\/li>\n<li>Nombreux T2 non meubl\u00e9s dont 51% sont r\u00e9serv\u00e9s aux retrait\u00e9s du r\u00e9gime g\u00e9n\u00e9ral .<\/li>\n<li>T3 Non meubl\u00e9s pour de jeunes actifs.<\/li>\n<\/ul>\n<p>&nbsp;<\/p>\n<p>Con\u00e7ue comme un v\u00e9ritable lieu de vie int\u00e9gr\u00e9 \u00e0 l\u2019architecture des ruelles antiques et des remparts, cette r\u00e9sidence compos\u00e9e de trois b\u00e2timents offre une jolie place en son centre et des parkings gratuits \u00e0 proximit\u00e9.<\/p>\n","protected":false},"excerpt":{"rendered":"<p>La r\u00e9sidence Appart\u2019Divercity \u00ab Les Escourts \u00bb id\u00e9alement situ\u00e9e s\u2019int\u00e8gre parfaitement aux fontaines, placettes, et portes \ufb02euries avoisinantes. Outre son [&hellip;]<\/p>\n","protected":false},"author":1,"featured_media":0,"parent":6,"menu_order":0,"comment_status":"closed","ping_status":"closed","template":"","meta":[],"_links":{"self":[{"href":"https:\/\/appartdivercity.com\/index.php?rest_route=\/wp\/v2\/pages\/10"}],"collection":[{"href":"https:\/\/appartdivercity.com\/index.php?rest_route=\/wp\/v2\/pages"}],"about":[{"href":"https:\/\/appartdivercity.com\/index.php?rest_route=\/wp\/v2\/types\/page"}],"author":[{"embeddable":true,"href":"https:\/\/appartdivercity.com\/index.php?rest_route=\/wp\/v2\/users\/1"}],"replies":[{"embeddable":true,"href":"https:\/\/appartdivercity.com\/index.php?rest_route=%2Fwp%2Fv2%2Fcomments&post=10"}],"version-history":[{"count":29,"href":"https:\/\/appartdivercity.com\/index.php?rest_route=\/wp\/v2\/pages\/10\/revisions"}],"predecessor-version":[{"id":565,"href":"https:\/\/appartdivercity.com\/index.php?rest_route=\/wp\/v2\/pages\/10\/revisions\/565"}],"up":[{"embeddable":true,"href":"https:\/\/appartdivercity.com\/index.php?rest_route=\/wp\/v2\/pages\/6"}],"wp:attachment":[{"href":"https:\/\/appartdivercity.com\/index.php?rest_route=%2Fwp%2Fv2%2Fmedia&parent=10"}],"curies":[{"name":"wp","href":"https:\/\/api.w.org\/{rel}","templated":true}]}}