{"id":227,"date":"2015-12-17T07:17:58","date_gmt":"2015-12-17T06:17:58","guid":{"rendered":"http:\/\/webriti.com\/demo\/wp\/lite\/rambo\/?page_id=8"},"modified":"2021-05-04T17:25:52","modified_gmt":"2021-05-04T15:25:52","slug":"about","status":"publish","type":"page","link":"https:\/\/appartdivercity.com\/?page_id=227","title":{"rendered":"L\u2019Association VALLIS CLAUSA"},"content":{"rendered":"<div class=\"span6\"><\/div>\n<div class=\"span6\">\n<div class=\"head_title\">\n<p>Est dirig\u00e9e par un Conseil d\u2019Administration de 8 membres, b\u00e9n\u00e9voles, au sein duquel si\u00e8gent \u00e9galement un repr\u00e9sentant des communes de Pertuis et de Pernes les Fontaines, villes avec lesquelles elle a pass\u00e9 convention. Un bureau compos\u00e9 d\u2019un Pr\u00e9sident, d\u2019un Secr\u00e9taire G\u00e9n\u00e9ral et d\u2019un Tr\u00e9sorier en assure la Direction G\u00e9n\u00e9rale, assist\u00e9 des cadres de l\u2019entreprise. La Pr\u00e9sidente actuelle, Marie Paule LIMONGI est membre fondateur de l\u2019Association, elle est r\u00e9\u00e9lue \u00e0 cette fonction depuis 1999.<\/p>\n<p>Elle poursuit son action en faveur des personnes retrait\u00e9es, autonomes ou d\u00e9pendantes, en toute transparence car elle est essentielle et constitutive du fait associatif. Elle g\u00e8re des fonds priv\u00e9s provenant de nos r\u00e9sidants et quelques fonds publics (dotation SSIAD et Aides Sociales) avec la rigueur qui doit s\u2019y attacher car elle souhaite continuer \u00e0 le faire en mettant en \u0153uvre des projets innovants, r\u00e9v\u00e9lateurs de sa capacit\u00e9 de cr\u00e9ation et de sa volont\u00e9 de r\u00e9pondre au plus pr\u00e8s aux besoins des personnes dont elle a la charge.<\/p>\n<p><a href=\"https:\/\/vallisclausa.com\/\">L\u2019Association VALLIS CLAUSA<\/a> emploie \u00e0 ce jour pr\u00e8s de 50 salari\u00e9s qualifi\u00e9s, comp\u00e9tents et dont l\u2019attachement aux personnes \u00e2g\u00e9es constitue un des crit\u00e8res de recrutement.<\/p>\n<p>VALLIS CLAUSA, est une association bien structur\u00e9e, reconnue pour son s\u00e9rieux et ses comp\u00e9tences, tant par ses usagers que par les pouvoirs publics auxquels elle rend des comptes.<\/p>\n<p>Le respect reste une de ses valeurs fondamentales qui li\u00e9 \u00e0 son savoir faire et \u00e0 sa conception du service \u00e0 la personne sont le moteur qui fait que l\u2019association, r\u00e9solument tourn\u00e9e vers l\u2019avenir est pr\u00eate \u00e0 s\u2019int\u00e9resser dans la r\u00e9gion PACA \u00e0 d\u2019autres projets \u00e0 vocation sociale dans le domaine des personnes \u00e2g\u00e9es.<\/p>\n<\/div>\n<\/div>\n","protected":false},"excerpt":{"rendered":"<p>Est dirig\u00e9e par un Conseil d\u2019Administration de 8 membres, b\u00e9n\u00e9voles, au sein duquel si\u00e8gent \u00e9galement un repr\u00e9sentant des communes de [&hellip;]<\/p>\n","protected":false},"author":1,"featured_media":0,"parent":0,"menu_order":0,"comment_status":"closed","ping_status":"closed","template":"","meta":[],"_links":{"self":[{"href":"https:\/\/appartdivercity.com\/index.php?rest_route=\/wp\/v2\/pages\/227"}],"collection":[{"href":"https:\/\/appartdivercity.com\/index.php?rest_route=\/wp\/v2\/pages"}],"about":[{"href":"https:\/\/appartdivercity.com\/index.php?rest_route=\/wp\/v2\/types\/page"}],"author":[{"embeddable":true,"href":"https:\/\/appartdivercity.com\/index.php?rest_route=\/wp\/v2\/users\/1"}],"replies":[{"embeddable":true,"href":"https:\/\/appartdivercity.com\/index.php?rest_route=%2Fwp%2Fv2%2Fcomments&post=227"}],"version-history":[{"count":4,"href":"https:\/\/appartdivercity.com\/index.php?rest_route=\/wp\/v2\/pages\/227\/revisions"}],"predecessor-version":[{"id":630,"href":"https:\/\/appartdivercity.com\/index.php?rest_route=\/wp\/v2\/pages\/227\/revisions\/630"}],"wp:attachment":[{"href":"https:\/\/appartdivercity.com\/index.php?rest_route=%2Fwp%2Fv2%2Fmedia&parent=227"}],"curies":[{"name":"wp","href":"https:\/\/api.w.org\/{rel}","templated":true}]}}

<div class="span6"></div>
<div class="span6">
<div class="head_title">
<p>Est dirigée par un Conseil d’Administration de 8 membres, bénévoles, au sein duquel siègent également un représentant des communes de Pertuis et de Pernes les Fontaines, villes avec lesquelles elle a passé convention. Un bureau composé d’un Président, d’un Secrétaire Général et d’un Trésorier en assure la Direction Générale, assisté des cadres de l’entreprise. La Présidente actuelle, Marie Paule LIMONGI est membre fondateur de l’Association, elle est réélue à cette fonction depuis 1999.</p>
<p>Elle poursuit son action en faveur des personnes retraitées, autonomes ou dépendantes, en toute transparence car elle est essentielle et constitutive du fait associatif. Elle gère des fonds privés provenant de nos résidants et quelques fonds publics (dotation SSIAD et Aides Sociales) avec la rigueur qui doit s’y attacher car elle souhaite continuer à le faire en mettant en œuvre des projets innovants, révélateurs de sa capacité de création et de sa volonté de répondre au plus près aux besoins des personnes dont elle a la charge.</p>
<p><a href="https://vallisclausa.com/">L’Association VALLIS CLAUSA</a> emploie à ce jour près de 50 salariés qualifiés, compétents et dont l’attachement aux personnes âgées constitue un des critères de recrutement.</p>
<p>VALLIS CLAUSA, est une association bien structurée, reconnue pour son sérieux et ses compétences, tant par ses usagers que par les pouvoirs publics auxquels elle rend des comptes.</p>
<p>Le respect reste une de ses valeurs fondamentales qui lié à son savoir faire et à sa conception du service à la personne sont le moteur qui fait que l’association, résolument tournée vers l’avenir est prête à s’intéresser dans la région PACA à d’autres projets à vocation sociale dans le domaine des personnes âgées.</p>
</div>
</div>

<p>Est dirigée par un Conseil d’Administration de 8 membres, bénévoles, au sein duquel siègent également un représentant des communes de [&hellip;]</p>
